{"id":106,"date":"2023-04-25T12:49:06","date_gmt":"2023-04-25T12:49:06","guid":{"rendered":"https:\/\/student.unifr.ch\/cfdr\/?page_id=106"},"modified":"2024-07-23T10:15:26","modified_gmt":"2024-07-23T10:15:26","slug":"notre-philosophie","status":"publish","type":"page","link":"https:\/\/student.unifr.ch\/cfdr\/?page_id=106","title":{"rendered":"Notre philosophie"},"content":{"rendered":"\n<p>Le dialogue pour acc\u00e9der \u00e0 plus de sagesse :<\/p>\n\n\n\n<p>Le Cercle vise \u00e0 donner \u00e0 tous les moyens de d\u00e9velopper de nouvelles connaissances au travers du d\u00e9bat d\u2019id\u00e9es. Selon nous, le respect de l\u2019autre et l\u2019\u00e9coute sont fondamentaux pour garantir le perfectionnement des capacit\u00e9s oratoires de tous ceux qui souhaitent s\u2019adonner \u00e0 l\u2019art du d\u00e9bat. Par ailleurs, notre organisation est profond\u00e9ment attach\u00e9e \u00e0 la pr\u00e9servation de la libert\u00e9 d\u2019expression et tente de proposer des \u00e9v\u00e9nements accueillants des personnalit\u00e9s dont les opinions sont divergentes.<\/p>\n\n\n\n<p><\/p>\n\n\n\n<p>Quelques lectures inspirantes :<\/p>\n\n\n\n<p><\/p>\n\n\n\n<p>Pour ceux qui aimeraient acqu\u00e9rir davantage de connaissances dans le domaines de la rh\u00e9torique mais qui ne savent pas par o\u00f9 commencer&#8230;.<\/p>\n\n\n\n<ul><li><em>L&#8217;art d&#8217;avoir toujours raison<\/em> d&#8217;Arthur Schopenhauer<\/li><li><em>L&#8217;Orateur id\u00e9al <\/em>de Cic\u00e9ron, extrait de l&#8217;ouvrage <em>De l&#8217;orateur<\/em> du m\u00eame auteur<\/li><li><em>Introduction \u00e0 la rh\u00e9torique<\/em> d&#8217;Olivier Reboul<\/li><li>La <em>Rh\u00e9torique <\/em>d&#8217;Aristote<\/li><li><em>Le dictionnaire de la rh\u00e9torique<\/em> de George Molini\u00e9<\/li><\/ul>\n\n\n\n<p><\/p>\n","protected":false},"excerpt":{"rendered":"<p>Le dialogue pour acc\u00e9der \u00e0 plus de sagesse : Le Cercle vise \u00e0 donner \u00e0 tous les moyens de d\u00e9velopper de nouvelles connaissances au travers du d\u00e9bat d\u2019id\u00e9es. Selon nous, &#8230;<\/p>\n","protected":false},"author":2,"featured_media":177,"parent":0,"menu_order":0,"comment_status":"closed","ping_status":"closed","template":"","meta":[],"_links":{"self":[{"href":"https:\/\/student.unifr.ch\/cfdr\/index.php?rest_route=\/wp\/v2\/pages\/106"}],"collection":[{"href":"https:\/\/student.unifr.ch\/cfdr\/index.php?rest_route=\/wp\/v2\/pages"}],"about":[{"href":"https:\/\/student.unifr.ch\/cfdr\/index.php?rest_route=\/wp\/v2\/types\/page"}],"author":[{"embeddable":true,"href":"https:\/\/student.unifr.ch\/cfdr\/index.php?rest_route=\/wp\/v2\/users\/2"}],"replies":[{"embeddable":true,"href":"https:\/\/student.unifr.ch\/cfdr\/index.php?rest_route=%2Fwp%2Fv2%2Fcomments&post=106"}],"version-history":[{"count":7,"href":"https:\/\/student.unifr.ch\/cfdr\/index.php?rest_route=\/wp\/v2\/pages\/106\/revisions"}],"predecessor-version":[{"id":313,"href":"https:\/\/student.unifr.ch\/cfdr\/index.php?rest_route=\/wp\/v2\/pages\/106\/revisions\/313"}],"wp:featuredmedia":[{"embeddable":true,"href":"https:\/\/student.unifr.ch\/cfdr\/index.php?rest_route=\/wp\/v2\/media\/177"}],"wp:attachment":[{"href":"https:\/\/student.unifr.ch\/cfdr\/index.php?rest_route=%2Fwp%2Fv2%2Fmedia&parent=106"}],"curies":[{"name":"wp","href":"https:\/\/api.w.org\/{rel}","templated":true}]}}