{"id":532,"date":"2021-09-13T19:38:31","date_gmt":"2021-09-13T17:38:31","guid":{"rendered":"http:\/\/student.unifr.ch\/lesapostrophes\/?page_id=532"},"modified":"2022-02-04T16:49:25","modified_gmt":"2022-02-04T15:49:25","slug":"la-machine-infernale","status":"publish","type":"page","link":"https:\/\/student.unifr.ch\/lesapostrophes\/historique\/la-machine-infernale\/","title":{"rendered":"La Machine Infernale"},"content":{"rendered":"<p><em>\u00e9crite par Jean Cocteau<br \/>\nmise en sc\u00e8ne par Mathilde F\u00e9raud et Micha\u00ebl Gay des Combes<\/em><\/p>\n<p><img loading=\"lazy\" class=\"aligncenter wp-image-618 size-full\" src=\"http:\/\/student.unifr.ch\/lesapostrophes\/wp-content\/uploads\/2021\/10\/affiche-apostrophe_MI21.png\" alt=\"\" width=\"4092\" height=\"5787\" srcset=\"https:\/\/student.unifr.ch\/lesapostrophes\/wp-content\/uploads\/2021\/10\/affiche-apostrophe_MI21.png 4092w, https:\/\/student.unifr.ch\/lesapostrophes\/wp-content\/uploads\/2021\/10\/affiche-apostrophe_MI21-106x150.png 106w, https:\/\/student.unifr.ch\/lesapostrophes\/wp-content\/uploads\/2021\/10\/affiche-apostrophe_MI21-212x300.png 212w, https:\/\/student.unifr.ch\/lesapostrophes\/wp-content\/uploads\/2021\/10\/affiche-apostrophe_MI21-768x1086.png 768w, https:\/\/student.unifr.ch\/lesapostrophes\/wp-content\/uploads\/2021\/10\/affiche-apostrophe_MI21-720x1018.png 720w\" sizes=\"(max-width: 4092px) 100vw, 4092px\" \/><\/p>\n<p>&nbsp;<\/p>\n<p class=\"x_MsoNormal\">Jean Giraudoux, ami et homonyme de Cocteau aurait probablement dit \u00e0 propos de la mise en sc\u00e8ne des Apostrophes qu&rsquo;elle \u00ab\u00a0n&rsquo;aura(it) pas lieu\u00a0\u00bb bien au fait depuis son fauteuil en nuages des conditions sanitaires actuelles. Mais le Destin n&rsquo;est pas l&rsquo;affaire des humains.<i>\u00a0<\/i><\/p>\n<blockquote>\n<p class=\"x_MsoNormal\"><i>\u00ab Il tuera son p\u00e8re. Il \u00e9pousera sa m\u00e8re \u00bb<br \/>\n<\/i><\/p>\n<\/blockquote>\n<p class=\"x_MsoNormal\">Trois narrateurs et une quinzaine de personnages qui ne savent pas trop ce qu&rsquo;ils font l\u00e0, qui errent dans un d\u00e9cor qui rappelle Th\u00e8bes mais sans r\u00e9el but ni autre fil rouge que celui d&rsquo;une \u00e9charpe, rouge justement, celle de Jocaste. \u0152dipe \u00e0 la vue de ce spectacle immonde se cr\u00e8vera les yeux et pour ton plaisir, Spectateur, il recommencera s\u00fbrement devant toi. On peut dire que \u00e7a vaut le coup d&rsquo;\u0153il !<\/p>\n<p class=\"x_MsoNormal\">Donc si aujourd&rsquo;hui Cocteau mange peut-\u00eatre \u00e0 la table de Sophocle, c&rsquo;est au tour des Apostrophes de d\u00e9graisser l&rsquo;infernal Automate du destin, implacable, prenant en son sein \u0152dipe, Jocaste, Tir\u00e9sias, Antigone, Le Messager, le figurant qui joue un buisson et peut-\u00eatre aussi un peu toi, Spectateur.<\/p>\n<blockquote>\n<p class=\"x_MsoNormal\"><i>\u00ab Une des plus parfaites machines construites par les dieux infernaux pour l&rsquo;an\u00e9antissement math\u00e9matique d&rsquo;un mortel \u00bb<br \/>\n<\/i><\/p>\n<\/blockquote>\n<h2>Repr\u00e9sentations<\/h2>\n<table style=\"margin-left: 30px; width: 220px; table-layout: auto;\" border=\"0\" cellspacing=\"0\" cellpadding=\"0\">\n<tbody>\n<tr>\n<td>Me<\/td>\n<td>20 octobre \u00e0 20h<\/td>\n<\/tr>\n<tr>\n<td>Je<\/td>\n<td>21 octobre \u00e0 20h<\/td>\n<\/tr>\n<tr>\n<td>Ve<\/td>\n<td>22 octobre \u00e0 20h<\/td>\n<\/tr>\n<tr>\n<td>Sa<\/td>\n<td>23 octobre \u00e0 20h<\/td>\n<\/tr>\n<tr>\n<td>Di<\/td>\n<td>24 octobre \u00e0 15h<\/td>\n<\/tr>\n<\/tbody>\n<\/table>\n<h2>Billetterie<\/h2>\n<p>Les entr\u00e9es sont libres, un chapeau sera mis \u00e0 disposition \u00e0 la fin.<\/p>\n<p>Il est fortement recommand\u00e9 de r\u00e9server vos places. Merci d&rsquo;utiliser notre plateforme de r\u00e9servation en cliquant <a href=\"https:\/\/www.fssta.ch\/index.php\/fr\/spectacle-fssta-rsp\/1436-la-machine-infernale\/inscription\">ici.<\/a><\/p>\n<h2>Localisation<\/h2>\n<p>Le Bilboquet nous accueille pour nos 5 repr\u00e9sentations \u00e0 la\u00a0Route de la Fonderie 8.<\/p>\n<p><iframe loading=\"lazy\" style=\"border: 0;\" src=\"https:\/\/www.google.com\/maps\/embed?pb=!1m18!1m12!1m3!1d2731.4980687782495!2d7.151225615295577!3d46.794493979139226!2m3!1f0!2f0!3f0!3m2!1i1024!2i768!4f13.1!3m3!1m2!1s0x478e68d645d9989d%3A0xc669613176816759!2sRte%20de%20la%20Fonderie%208%2C%201700%20Fribourg!5e0!3m2!1sfr!2sch!4v1631552773293!5m2!1sfr!2sch\" width=\"600\" height=\"450\" allowfullscreen=\"allowfullscreen\"><\/iframe><\/p>\n<h2>Distribution<\/h2>\n<p>Mise en sc\u00e8ne : Micha\u00ebl et Mathilde<br \/>\nMusique : Eliott<br \/>\nLumi\u00e8res : Sabine<\/p>\n<h4>Acte 1<\/h4>\n<p>Narrateurs\/voix : Marion, Jonas et Noemi<br \/>\nJocaste : Rebecca<br \/>\nTir\u00e9sias : Nathana\u00ebl<br \/>\nLe chef des soldats : Alice<br \/>\nLe jeune soldat : Marie-Bertrande<br \/>\nLe soldat : Florence<br \/>\nLe fant\u00f4me : Noemi<\/p>\n<h4>Acte 2<\/h4>\n<p>Le Sphinx : Marjolaine<br \/>\nLa matrone : Am\u00e9lie<br \/>\nL\u2018enfant : Noemi<br \/>\nAnubis : Mathilde<br \/>\n\u0152dipe : Pierre<br \/>\n\u0152dipe : Lionel<\/p>\n<h4>Acte 3<\/h4>\n<p>\u0152dipe : Lionel<br \/>\nJocaste : Marie-Bertrande<br \/>\nTir\u00e9sias : Nathana\u00ebl<br \/>\nL\u2018ivrogne : Noemi<\/p>\n<h4>Acte 4<\/h4>\n<p>\u0152dipe : Lionel<br \/>\nTir\u00e9sias : Nathana\u00ebl<br \/>\nCr\u00e9on : Lo\u00efc<br \/>\nJocaste : Am\u00e9lie<br \/>\nAntigone : Florence<br \/>\nLe messager : Jonas<br \/>\nLe berger : Noemi<\/p>\n<h2>Images<\/h2>\n<div id='gallery-1' class='gallery galleryid-532 gallery-columns-3 gallery-size-large'><figure class='gallery-item'>\n\t\t\t<div class='gallery-icon landscape'>\n\t\t\t\t<a href='https:\/\/student.unifr.ch\/lesapostrophes\/historique\/la-machine-infernale\/ad_05527\/'><img width=\"720\" height=\"480\" src=\"https:\/\/student.unifr.ch\/lesapostrophes\/wp-content\/uploads\/2021\/10\/AD_05527.jpg\" class=\"attachment-large size-large\" alt=\"\" loading=\"lazy\" aria-describedby=\"gallery-1-603\" srcset=\"https:\/\/student.unifr.ch\/lesapostrophes\/wp-content\/uploads\/2021\/10\/AD_05527.jpg 6000w, https:\/\/student.unifr.ch\/lesapostrophes\/wp-content\/uploads\/2021\/10\/AD_05527-150x100.jpg 150w, https:\/\/student.unifr.ch\/lesapostrophes\/wp-content\/uploads\/2021\/10\/AD_05527-300x200.jpg 300w, https:\/\/student.unifr.ch\/lesapostrophes\/wp-content\/uploads\/2021\/10\/AD_05527-768x512.jpg 768w, https:\/\/student.unifr.ch\/lesapostrophes\/wp-content\/uploads\/2021\/10\/AD_05527-720x480.jpg 720w\" sizes=\"(max-width: 720px) 100vw, 720px\" \/><\/a>\n\t\t\t<\/div>\n\t\t\t\t<figcaption class='wp-caption-text gallery-caption' id='gallery-1-603'>\n\t\t\t\tJocaste &#038; le soldat (&#x1f4f8; Arnaud Dorsaz)\n\t\t\t\t<\/figcaption><\/figure><figure class='gallery-item'>\n\t\t\t<div class='gallery-icon landscape'>\n\t\t\t\t<a href='https:\/\/student.unifr.ch\/lesapostrophes\/historique\/la-machine-infernale\/ad_05561\/'><img width=\"720\" height=\"480\" src=\"https:\/\/student.unifr.ch\/lesapostrophes\/wp-content\/uploads\/2021\/10\/AD_05561.jpg\" class=\"attachment-large size-large\" alt=\"\" loading=\"lazy\" aria-describedby=\"gallery-1-602\" srcset=\"https:\/\/student.unifr.ch\/lesapostrophes\/wp-content\/uploads\/2021\/10\/AD_05561.jpg 6000w, https:\/\/student.unifr.ch\/lesapostrophes\/wp-content\/uploads\/2021\/10\/AD_05561-150x100.jpg 150w, https:\/\/student.unifr.ch\/lesapostrophes\/wp-content\/uploads\/2021\/10\/AD_05561-300x200.jpg 300w, https:\/\/student.unifr.ch\/lesapostrophes\/wp-content\/uploads\/2021\/10\/AD_05561-768x512.jpg 768w, https:\/\/student.unifr.ch\/lesapostrophes\/wp-content\/uploads\/2021\/10\/AD_05561-720x480.jpg 720w\" sizes=\"(max-width: 720px) 100vw, 720px\" \/><\/a>\n\t\t\t<\/div>\n\t\t\t\t<figcaption class='wp-caption-text gallery-caption' id='gallery-1-602'>\n\t\t\t\tLa matrone rencontre le Sphinx (&#x1f4f8; Arnaud Dorsaz)\n\t\t\t\t<\/figcaption><\/figure><figure class='gallery-item'>\n\t\t\t<div class='gallery-icon landscape'>\n\t\t\t\t<a href='https:\/\/student.unifr.ch\/lesapostrophes\/ad_05610\/'><img width=\"720\" height=\"480\" src=\"https:\/\/student.unifr.ch\/lesapostrophes\/wp-content\/uploads\/2021\/10\/AD_05610.jpg\" class=\"attachment-large size-large\" alt=\"\" loading=\"lazy\" aria-describedby=\"gallery-1-599\" srcset=\"https:\/\/student.unifr.ch\/lesapostrophes\/wp-content\/uploads\/2021\/10\/AD_05610.jpg 6000w, https:\/\/student.unifr.ch\/lesapostrophes\/wp-content\/uploads\/2021\/10\/AD_05610-150x100.jpg 150w, https:\/\/student.unifr.ch\/lesapostrophes\/wp-content\/uploads\/2021\/10\/AD_05610-300x200.jpg 300w, https:\/\/student.unifr.ch\/lesapostrophes\/wp-content\/uploads\/2021\/10\/AD_05610-768x512.jpg 768w, https:\/\/student.unifr.ch\/lesapostrophes\/wp-content\/uploads\/2021\/10\/AD_05610-720x480.jpg 720w\" sizes=\"(max-width: 720px) 100vw, 720px\" \/><\/a>\n\t\t\t<\/div>\n\t\t\t\t<figcaption class='wp-caption-text gallery-caption' id='gallery-1-599'>\n\t\t\t\tLe Sphinx et \u0152dipe (&#x1f4f8; Arnaud Dorsaz)\n\t\t\t\t<\/figcaption><\/figure><figure class='gallery-item'>\n\t\t\t<div class='gallery-icon landscape'>\n\t\t\t\t<a href='https:\/\/student.unifr.ch\/lesapostrophes\/historique\/la-machine-infernale\/ad_05644\/'><img width=\"720\" height=\"480\" src=\"https:\/\/student.unifr.ch\/lesapostrophes\/wp-content\/uploads\/2021\/10\/AD_05644.jpg\" class=\"attachment-large size-large\" alt=\"\" loading=\"lazy\" aria-describedby=\"gallery-1-604\" srcset=\"https:\/\/student.unifr.ch\/lesapostrophes\/wp-content\/uploads\/2021\/10\/AD_05644.jpg 6000w, https:\/\/student.unifr.ch\/lesapostrophes\/wp-content\/uploads\/2021\/10\/AD_05644-150x100.jpg 150w, https:\/\/student.unifr.ch\/lesapostrophes\/wp-content\/uploads\/2021\/10\/AD_05644-300x200.jpg 300w, https:\/\/student.unifr.ch\/lesapostrophes\/wp-content\/uploads\/2021\/10\/AD_05644-768x512.jpg 768w, https:\/\/student.unifr.ch\/lesapostrophes\/wp-content\/uploads\/2021\/10\/AD_05644-720x480.jpg 720w\" sizes=\"(max-width: 720px) 100vw, 720px\" \/><\/a>\n\t\t\t<\/div>\n\t\t\t\t<figcaption class='wp-caption-text gallery-caption' id='gallery-1-604'>\n\t\t\t\t\u0152dipe et Tir\u00e9sias (&#x1f4f8; Arnaud Dorsaz)\n\t\t\t\t<\/figcaption><\/figure><figure class='gallery-item'>\n\t\t\t<div class='gallery-icon landscape'>\n\t\t\t\t<a href='https:\/\/student.unifr.ch\/lesapostrophes\/ad_05683\/'><img width=\"720\" height=\"480\" src=\"https:\/\/student.unifr.ch\/lesapostrophes\/wp-content\/uploads\/2021\/10\/AD_05683.jpg\" class=\"attachment-large size-large\" alt=\"\" loading=\"lazy\" aria-describedby=\"gallery-1-597\" srcset=\"https:\/\/student.unifr.ch\/lesapostrophes\/wp-content\/uploads\/2021\/10\/AD_05683.jpg 6000w, https:\/\/student.unifr.ch\/lesapostrophes\/wp-content\/uploads\/2021\/10\/AD_05683-150x100.jpg 150w, https:\/\/student.unifr.ch\/lesapostrophes\/wp-content\/uploads\/2021\/10\/AD_05683-300x200.jpg 300w, https:\/\/student.unifr.ch\/lesapostrophes\/wp-content\/uploads\/2021\/10\/AD_05683-768x512.jpg 768w, https:\/\/student.unifr.ch\/lesapostrophes\/wp-content\/uploads\/2021\/10\/AD_05683-720x480.jpg 720w\" sizes=\"(max-width: 720px) 100vw, 720px\" \/><\/a>\n\t\t\t<\/div>\n\t\t\t\t<figcaption class='wp-caption-text gallery-caption' id='gallery-1-597'>\n\t\t\t\t\u0152dipe se cr\u00e8ve les yeux (&#x1f4f8; Arnaud Dorsaz)\n\t\t\t\t<\/figcaption><\/figure><figure class='gallery-item'>\n\t\t\t<div class='gallery-icon landscape'>\n\t\t\t\t<a href='https:\/\/student.unifr.ch\/lesapostrophes\/ad_05692\/'><img width=\"720\" height=\"480\" src=\"https:\/\/student.unifr.ch\/lesapostrophes\/wp-content\/uploads\/2021\/10\/AD_05692.jpg\" class=\"attachment-large size-large\" alt=\"\" loading=\"lazy\" aria-describedby=\"gallery-1-596\" srcset=\"https:\/\/student.unifr.ch\/lesapostrophes\/wp-content\/uploads\/2021\/10\/AD_05692.jpg 6000w, https:\/\/student.unifr.ch\/lesapostrophes\/wp-content\/uploads\/2021\/10\/AD_05692-150x100.jpg 150w, https:\/\/student.unifr.ch\/lesapostrophes\/wp-content\/uploads\/2021\/10\/AD_05692-300x200.jpg 300w, https:\/\/student.unifr.ch\/lesapostrophes\/wp-content\/uploads\/2021\/10\/AD_05692-768x512.jpg 768w, https:\/\/student.unifr.ch\/lesapostrophes\/wp-content\/uploads\/2021\/10\/AD_05692-720x480.jpg 720w\" sizes=\"(max-width: 720px) 100vw, 720px\" \/><\/a>\n\t\t\t<\/div>\n\t\t\t\t<figcaption class='wp-caption-text gallery-caption' id='gallery-1-596'>\n\t\t\t\tTableau final (&#x1f4f8; Arnaud Dorsaz)\n\t\t\t\t<\/figcaption><\/figure>\n\t\t<\/div>\n\n<ul>\n<li><a href=\"https:\/\/podcasts.radiofr.ch\/4d5b981f9c35dfba902cbf832b36ce16.mp3\">passage \u00e0 Radio Fribourg<\/a><\/li>\n<li><a href=\"https:\/\/soundcloud.com\/unimixfr\/unimix-theatre-la-machine-infernale-par-les-apostrophes-17102021-albertine-chappuis?p=i&amp;c=0&amp;si=EAC9609AE1AE42F0A20F19F8E77E9C07\">passage chez Unimix<\/a><\/li>\n<li><a href=\"http:\/\/student.unifr.ch\/lesapostrophes\/wp-content\/uploads\/2021\/10\/Les-Apostrophes-de-retour-sur-sce\u0300ne-La-Liberte\u0301.pdf\">article dans <em>La Libert\u00e9<\/em><\/a><\/li>\n<\/ul>\n","protected":false},"excerpt":{"rendered":"<p>\u00e9crite par Jean Cocteau mise en sc\u00e8ne par Mathilde F\u00e9raud et Micha\u00ebl Gay des Combes &nbsp; Jean Giraudoux, ami et homonyme de Cocteau aurait probablement dit \u00e0 propos de la mise en sc\u00e8ne des Apostrophes qu&rsquo;elle \u00ab\u00a0n&rsquo;aura(it) pas lieu\u00a0\u00bb bien au fait depuis son fauteuil en nuages des conditions sanitaires actuelles. Mais le Destin n&rsquo;est<\/p>\n<p><a class=\"more-link\" href=\"https:\/\/student.unifr.ch\/lesapostrophes\/historique\/la-machine-infernale\/\">Continue reading <span class=\"screen-reader-text\">La Machine Infernale<\/span><\/a><\/p>\n","protected":false},"author":1,"featured_media":0,"parent":213,"menu_order":0,"comment_status":"closed","ping_status":"closed","template":"","meta":[],"_links":{"self":[{"href":"https:\/\/student.unifr.ch\/lesapostrophes\/wp-json\/wp\/v2\/pages\/532"}],"collection":[{"href":"https:\/\/student.unifr.ch\/lesapostrophes\/wp-json\/wp\/v2\/pages"}],"about":[{"href":"https:\/\/student.unifr.ch\/lesapostrophes\/wp-json\/wp\/v2\/types\/page"}],"author":[{"embeddable":true,"href":"https:\/\/student.unifr.ch\/lesapostrophes\/wp-json\/wp\/v2\/users\/1"}],"replies":[{"embeddable":true,"href":"https:\/\/student.unifr.ch\/lesapostrophes\/wp-json\/wp\/v2\/comments?post=532"}],"version-history":[{"count":24,"href":"https:\/\/student.unifr.ch\/lesapostrophes\/wp-json\/wp\/v2\/pages\/532\/revisions"}],"predecessor-version":[{"id":661,"href":"https:\/\/student.unifr.ch\/lesapostrophes\/wp-json\/wp\/v2\/pages\/532\/revisions\/661"}],"up":[{"embeddable":true,"href":"https:\/\/student.unifr.ch\/lesapostrophes\/wp-json\/wp\/v2\/pages\/213"}],"wp:attachment":[{"href":"https:\/\/student.unifr.ch\/lesapostrophes\/wp-json\/wp\/v2\/media?parent=532"}],"curies":[{"name":"wp","href":"https:\/\/api.w.org\/{rel}","templated":true}]}}