{"id":606,"date":"2014-09-13T14:22:48","date_gmt":"2014-09-13T14:22:48","guid":{"rendered":"http:\/\/student.unifr.ch\/spectrum\/?page_id=606"},"modified":"2025-03-10T12:04:41","modified_gmt":"2025-03-10T11:04:41","slug":"jobs","status":"publish","type":"page","link":"https:\/\/student.unifr.ch\/spectrum\/jobs\/","title":{"rendered":"Travailler pour Spectrum"},"content":{"rendered":"<h2 class=\"p1\"><b>Spectrum recrute ! <\/b><b>Nous recherchons un.e\u00a0<\/b><span class=\"S1PPyQ\">responsable marketing<\/span><\/h2>\n<p><a href=\"https:\/\/student.unifr.ch\/spectrum\/wp-content\/uploads\/2022\/12\/Spectrum-verschoben.pdf\">responsable marketing <\/a><\/p>\n<p>&nbsp;<\/p>\n<h1 class=\"p3\"><b>Un.e illustrateur.rice et un.e photographe<\/b><\/h1>\n<ul>\n<li class=\"p1\">Tu es cr\u00e9atif.ve?<\/li>\n<li>Tu es \u00e0 l&rsquo;aise avec le num\u00e9rique?<\/li>\n<li>Tu es disponible et ton emploi du temps est flexible?<\/li>\n<\/ul>\n<p>&nbsp;<\/p>\n<h2 class=\"p3\" style=\"text-align: center;\">Int\u00e9ress\u00e9.e? Envoie nous ton CV et ta lettre de motivation \u00e0 <a href=\"mailto:spectrum@unifr.ch\">spectrum@unifr.ch<\/a><\/h2>\n<h2 style=\"text-align: center;\">Illustrateur\/rice, r\u00e9dacteur\/trice, photographe ou offre spontan\u00e9e, on est toujours \u00e0 la recherche de talents !<\/h2>\n\n<div class=\"wpcf7 no-js\" id=\"wpcf7-f5869-o1\" lang=\"fr-FR\" dir=\"ltr\">\n<div class=\"screen-reader-response\"><p role=\"status\" aria-live=\"polite\" aria-atomic=\"true\"><\/p> <ul><\/ul><\/div>\n<form action=\"\/spectrum\/wp-json\/wp\/v2\/pages\/606#wpcf7-f5869-o1\" method=\"post\" class=\"wpcf7-form init\" aria-label=\"Formulaire de contact\" novalidate=\"novalidate\" data-status=\"init\">\n<div style=\"display: none;\">\n<input type=\"hidden\" name=\"_wpcf7\" value=\"5869\" \/>\n<input type=\"hidden\" name=\"_wpcf7_version\" value=\"5.9.8\" \/>\n<input type=\"hidden\" name=\"_wpcf7_locale\" value=\"fr_FR\" \/>\n<input type=\"hidden\" name=\"_wpcf7_unit_tag\" value=\"wpcf7-f5869-o1\" \/>\n<input type=\"hidden\" name=\"_wpcf7_container_post\" value=\"0\" \/>\n<input type=\"hidden\" name=\"_wpcf7_posted_data_hash\" value=\"\" \/>\n<\/div>\n<div class=\"form-group your-name\"><label class=\"\">Nom et pr\u00e9nom <span class=\"required\">*<\/span><\/label><input class=\"wpcf7-form-control wpcf7-text wpcf7-validates-as-required form-control\" name=\"your-name\" type=\"text\" value=\"\" aria-invalid=\"false\" aria-required=\"true\" required><\/div>\n<div class=\"form-group your-email\"><label class=\"\">Email <span class=\"required\">*<\/span><\/label><input class=\"wpcf7-form-control wpcf7-email wpcf7-validates-as-required wpcf7-text wpcf7-validates-as-email form-control\" name=\"your-email\" type=\"email\" value=\"\" aria-invalid=\"false\" aria-required=\"true\" required><\/div>\n<div class=\"form-group textarea-932\"><label class=\"\">Message<\/label><textarea class=\"wpcf7-form-control wpcf7-textarea form-control\" name=\"textarea-932\" rows=\"4\" aria-invalid=\"false\"><\/textarea><\/div>\n<center><div class=\"form-group\"><div><input class=\"wpcf7-form-control wpcf7-submit btn btn-primary\" type=\"submit\" value=\"Envoyer\"><\/div><\/div><\/center><p style=\"display: none !important;\" class=\"akismet-fields-container\" data-prefix=\"_wpcf7_ak_\"><label>&#916;<textarea name=\"_wpcf7_ak_hp_textarea\" cols=\"45\" rows=\"8\" maxlength=\"100\"><\/textarea><\/label><input type=\"hidden\" id=\"ak_js_1\" name=\"_wpcf7_ak_js\" value=\"196\"\/><script>document.getElementById( \"ak_js_1\" ).setAttribute( \"value\", ( new Date() ).getTime() );<\/script><\/p><div class=\"wpcf7-response-output alert alert-warning\"><\/div>\n<\/form>\n<\/div>\n\n<div class=\"pdf24Plugin-cp\"> \t<form name=\"pdf24Form0\" method=\"post\" action=\"https:\/\/doc2pdf.pdf24.org\/wordpress.php\" target=\"pdf24PopWin\" onsubmit=\"var pdf24Win = window.open('about:blank', 'pdf24PopWin', 'resizable=yes,scrollbars=yes,width=600,height=250,left='+(screen.width\/2-300)+',top='+(screen.height\/3-125)+''); pdf24Win.focus(); if(typeof pdf24OnCreatePDF === 'function'){void(pdf24OnCreatePDF(this,pdf24Win));}\"> \t\t<input type=\"hidden\" name=\"blogCharset\" value=\"Cw1x07UAAA==\" \/><input type=\"hidden\" name=\"blogPosts\" value=\"MwQA\" \/><input type=\"hidden\" name=\"blogUrl\" value=\"yygpKSi20tcvLilNSc0r0SvNy0wr0kvO0C8uSE0uKSrNBQA=\" \/><input type=\"hidden\" name=\"blogName\" value=\"Cy5ITS4pKs0FAA==\" \/><input type=\"hidden\" name=\"blogValueEncoding\" value=\"gzdeflate base64\" \/><input type=\"hidden\" name=\"blogDocHeader\" value=\"AwA=\" \/><input type=\"hidden\" name=\"blogDocSize\" value=\"MzI0qDCyNAcA\" \/><input type=\"hidden\" name=\"blogDocOrientation\" value=\"K8gvKilKzCwBAA==\" \/><input type=\"hidden\" name=\"blogDocStyle\" value=\"AwA=\" \/><input type=\"hidden\" name=\"blogDocFilename\" value=\"AwA=\" \/><input type=\"hidden\" name=\"postId_0\" value=\"MzMwAwA=\" \/><input type=\"hidden\" name=\"postTitle_0\" value=\"CylKLEvMzMlJLVIoyC8tUgguSE0uKSrNBQA=\" \/><input type=\"hidden\" name=\"postLink_0\" value=\"yygpKSi20tcvLilNSc0r0SvNy0wr0kvO0C8uSE0uKSrN1c\/KTyrWBwA=\" \/><input type=\"hidden\" name=\"postAuthor_0\" value=\"Czq8MiUxuSQzP08hPDUJAA==\" \/><input type=\"hidden\" name=\"postDateTime_0\" value=\"MzIwNNE1sNQ1NFYwNLEysLQysQAA\" \/><input type=\"hidden\" name=\"postContent_0\" value=\"tVbNchs3DL77KRhmxuN0Qq2lNG5sS5v+OTM5tJM2aa8aaherpc0laf7I1tvk6teoX6wg98eS5Xh0aA+WuSAAfvgAApzWE1JI7tyMmjHNp4v8s4HC29AQC4UNHsgLMs0Wced3HVyU1mCLWitHghrBP1\/TrjNc9Y4+jz99Wv9BcwvOoBpfSCANt1fghVpOs6iaT7N6kh9MTT7lpLZQzWjtvXFnWeZ8KEH5UVCisqOiRv0WUHZjWKGVx80sGKl56bLJ8WSSjSdZD5qtwDoEtwA1MmX1DQwYEEcEJgE4VAtnztuvejyQ8SaR8RdGSISUwXnLPQQ7sqIAAj7FTkytvV5abmpILGT1GL0EiT9SbPL6JRBwpLD3d9yLarSC99NMiqTW7d1\/JfLQuuugz7lwQPgKCoKgVWju76y4DrsmpYixiRgaAvJaEWiQF0HKQDwuHSp5Ukm4jTq9eZbgPYp7shE3cX4tYUY93HrGpViqM1Ig6WDPaf5ReYQDzt3fjeA9uVArLRBkrIwI4Je\/ExSOyL23QEpkXXuxwqhxF2Mc0t1wIb0+65P7Y59umu+I2mylekGgz6LbyFQWM\/WaIOUlL5LAt5KNpBEdiK4qBBqZ9Fzd36FCJNJFQsOlDrZNDR8KPwXlucQzHXnR4jqYlmLVU3hjiuoHpIRdOkpE2QlY9fbdySnTY4rO1HJGK8s+\/EkxiXZGpbc033LiCgugmAVegmVdFQPWpCFWx\/id5z7gAdwKzqRYochoKTx0Iu51IwrkyYZohmkmsTBT+qcZnoTnVdo2BMnB3Mzo1j27dFrh\/2w1yQxfgstOjk9ePo6jAV\/rMp7rPN2KniXPQgnfA+QLkDP6AcVBctFWRrzMeDpFrlaYyRLTNqMPa+SGe87aQGc0eetI6mogXgDJ12foQMF53BTKBMzc2uBuLUpsJOidN\/g1T8AoQe8BP2MQlGR7mMxjS0GGHkxHp6N3e9pKXWClDKaVncec72WK1e\/nni8H48f07+UlcSwU2Hmbpc7X8Z7m0QjKeUzEvOauHhy09l0dbdRtTDxbWh0MWePlYdEbll\/Kf69DcZI0sU8YvJwKl1vTw8J1wAIpaf7dMCuSed7B3Sm0NBXwVpBWFDtDt+xLyTHuWO+YbNr08T6A7eiIXjaiTVUsVHKIUXLp+ovWu+2uGum\/8z3YgdgFd+m5iOL\/mJV01LO0PM9ea\/9N6tpIOu66j\/+PvAiSY29kp28mu\/T9huMJm9ZAUK+9V+UkxafC3DoTm\/ANevr+6dgQfa89BNLOqPzpgGiS75tKFxaN8GThVfxjxgp82ax78tvdgf04oddgaQek\/+3hmCd7KXkhGqMtDkR\/PnR2fiUctnxWCZClY0Nn6fq0wbEubofOwa\/mfWbyw5en45PzhzxstRhUrM2838PTtIzMvu05xlbb8Fsct0tfz+j4+PgRvVu3YLuVxYyg+0s3H9OdQ+N07jgan57QDN+whRXG56UuQhNfoEvwFxLi8uf1x\/KIPPh6NXLgf8IXjljgCxl3kiP6mhwRBTfkV7w0R69QCz18EU1a40ur8x9n8c57YRjxTAcfI8GxYbtfdsOtwmcrHYopi1Ux9N+DfwE=\" \/> \t\t<a href=\"https:\/\/www.pdf24.org\" target=\"_blank\" title=\"www.pdf24.org\" rel=\"nofollow\"><img src=\"https:\/\/student.unifr.ch\/spectrum\/wp-content\/plugins\/pdf24-post-to-pdf\/img\/pdf_32x32.png\" alt=\"\" border=\"0\" height=\"32\" \/><\/a> \t\t<span class=\"pdf24Plugin-cp-space\">&nbsp;&nbsp;<\/span> \t\t<span class=\"pdf24Plugin-cp-text\">Envoyer l'article en PDF<\/span> \t\t<span class=\"pdf24Plugin-cp-space\">&nbsp;&nbsp;<\/span> \t\t<input class=\"pdf24Plugin-cp-input\" style=\"margin: 0px;\" type=\"text\" name=\"sendEmailTo\" placeholder=\"Entrez l'adresse e-mail\" \/> \t\t<input class=\"pdf24Plugin-cp-submit\" style=\"margin: 0px;\" type=\"submit\" value=\"Envoyer\" \/> \t<\/form> <\/div>","protected":false},"excerpt":{"rendered":"<div class=\"post-excerpt\">Spectrum recrute ! Nous recherchons un.e\u00a0responsable marketing responsable marketing &nbsp; Un.e illustrateur.rice et un.e photographe Tu es cr\u00e9atif.ve? Tu es \u00e0 l&rsquo;aise avec le&hellip;<\/div>\n","protected":false},"author":15,"featured_media":10393,"parent":0,"menu_order":0,"comment_status":"closed","ping_status":"open","template":"","meta":{"_exactmetrics_skip_tracking":false,"_exactmetrics_sitenote_active":false,"_exactmetrics_sitenote_note":"","_exactmetrics_sitenote_category":0,"footnotes":""},"_links":{"self":[{"href":"https:\/\/student.unifr.ch\/spectrum\/wp-json\/wp\/v2\/pages\/606"}],"collection":[{"href":"https:\/\/student.unifr.ch\/spectrum\/wp-json\/wp\/v2\/pages"}],"about":[{"href":"https:\/\/student.unifr.ch\/spectrum\/wp-json\/wp\/v2\/types\/page"}],"author":[{"embeddable":true,"href":"https:\/\/student.unifr.ch\/spectrum\/wp-json\/wp\/v2\/users\/15"}],"replies":[{"embeddable":true,"href":"https:\/\/student.unifr.ch\/spectrum\/wp-json\/wp\/v2\/comments?post=606"}],"version-history":[{"count":98,"href":"https:\/\/student.unifr.ch\/spectrum\/wp-json\/wp\/v2\/pages\/606\/revisions"}],"predecessor-version":[{"id":16043,"href":"https:\/\/student.unifr.ch\/spectrum\/wp-json\/wp\/v2\/pages\/606\/revisions\/16043"}],"wp:featuredmedia":[{"embeddable":true,"href":"https:\/\/student.unifr.ch\/spectrum\/wp-json\/wp\/v2\/media\/10393"}],"wp:attachment":[{"href":"https:\/\/student.unifr.ch\/spectrum\/wp-json\/wp\/v2\/media?parent=606"}],"curies":[{"name":"wp","href":"https:\/\/api.w.org\/{rel}","templated":true}]}}